hat are the prime factors of 23945?
5, 4789
List the prime factors of 1592.
2, 199
List the prime factors of 1102.
2, 19, 29
What are the prime factors of 63925?
5, 2557
List the prime factors of 36468.
2, 3, 1013
List the prime factors of 3002.
2, 19, 79
List the prime factors of 2274.
2, 3, 379
What are the prime factors of 494?
2, 13, 19
What are the prime factors of 14485?
5, 2897
What are the prime factors of 517?
11, 47
What are the prime factors of 22910?
2, 5, 29, 79
What are the prime factors of 1381?
1381
What are the prime factors of 172?
2, 43
List the prime factors of 631.
631
What are the prime factors of 10306?
2, 5153
What are the prime factors of 2403?
3, 89
List the prime factors of 1886.
2, 23, 41
List the prime factors of 2143.
2143
What are the prime factors of 91619?
11, 8329
List the prime factors of 44821.
7, 19, 337
List the prime factors of 995.
5, 199
What are the prime factors of 9234?
2, 3, 19
List the prime factors of 75.
3, 5
What are the prime factors of 1163?
1163
List the prime factors of 66091.
29, 43, 53
List the prime factors of 965.
5, 193
List the prime factors of 699.
3, 233
What are the prime factors of 9001?
9001
List the prime factors of 779.
19, 41
What are the prime factors of 1507?
11, 137
What are the prime factors of 1126?
2, 563
List the prime factors of 935.
5, 11, 17
What are the prime factors of 4657?
4657
List the prime factors of 1485.
3, 5, 11
What are the prime factors of 1154?
2, 577
What are the prime factors of 2543?
2543
List the prime factors of 3719.
3719
What are the prime factors of 453?
3, 151
What are the prime factors of 3290?
2, 5, 7, 47
List the prime factors of 8558.
2, 11, 389
What are the prime factors of 854?
2, 7, 61
What are the prime factors of 4599?
3, 7, 73
What are the prime factors of 869?
11, 79
What are the prime factors of 11137?
7, 37, 43
List the prime factors of 2495.
5, 499
What are the prime factors of 3361?
3361
What are the prime factors of 6358?
2, 11, 17
List the prime factors of 3828.
2, 3, 11, 29
List the prime factors of 11137.
7, 37, 43
What are the prime factors of 16196?
2, 4049
List the prime factors of 230.
2, 5, 23
List the prime factors of 3938.
2, 11, 179
List the prime factors of 8120.
2, 5, 7, 29
List the prime factors of 1135.
5, 227
What are the prime factors of 13043?
13043
What are the prime factors of 56631?
3, 43, 439
What are the prime factors of 2101?
11, 191
List the prime factors of 18911.
18911
List the prime factors of 1977.
3, 659
What are the prime factors of 102162?
2, 3, 17027
What are the prime factors of 1460?
2, 5, 73
What are the prime factors of 80205?
3, 5, 5347
What are the prime factors of 58788?
2, 3, 23, 71
What are the prime factors of 361?
19
List the prime factors of 9482.
2, 11, 431
What are the prime factors of 779?
19, 41
What are the prime factors of 32921?
7, 4703
List the prime factors of 943.
23, 41
What are the prime factors of 8862?
2, 3, 7, 211
List the prime factors of 1651.
13, 127
List the prime factors of 17644.
2, 11, 401
What are the prime factors of 1916?
2, 479
What are the prime factors of 1192?
2, 149
List the prime factors of 2725.
5, 109
What are the prime factors of 523?
523
What are the prime factors of 50?
2, 5
What are the prime factors of 2788?
2, 17, 41
List the prime factors of 48714.
2, 3, 23, 353
What are the prime factors of 2813?
29, 97
What are the prime factors of 54451?
17, 3203
List the prime factors of 12607.
7, 1801
List the prime factors of 82415.
5, 53, 311
What are the prime factors of 25832?
2, 3229
List the prime factors of 737.
11, 67
List the prime factors of 1411.
17, 83
List the prime factors of 2003.
2003
What are the prime factors of 1738?
2, 11, 79
What are the prime factors of 70428?
2, 3, 5869
What are the prime factors of 10343?
10343
List the prime factors of 156.
2, 3, 13
What are the prime factors of 1066?
2, 13, 41
What are the prime factors of 289?
17
What are the prime factors of 107559?
3, 17, 19, 37
List the prime factors of 42262.
2, 11, 17, 113
List the prime factors of 2139.
3, 23, 31
List the prime factors of 3821.
3821
List the prime factors of 1360.
2, 5, 17
List the prime factors of 4266.
2, 3, 79
What are the prime factors of 396?
2, 3, 11
What are the prime factors of 3800?
2, 5, 19
What are the prime factors of 9521?
9521
List the prime factors of 6127.
11, 557
What are the prime factors of 91568?
2, 59, 97
List the prime factors of 13362.
2, 3, 17, 131
What are the prime factors of 43864?
2, 5483
What are the prime factors of 3480?
2, 3, 5, 29
List the prime factors of 58579.
58579
List the prime factors of 17040.
2, 3, 5, 71
What are the prime factors of 64664?
2, 59, 137
List the prime factors of 47557.
19, 2503
List the prime factors of 26441.
137, 193
List the prime factors of 16933.
7, 41, 59
What are the prime factors of 36432?
2, 3, 11, 23
List the prime factors of 7550.
2, 5, 151
What are the prime factors of 40493?
40493
What are the prime factors of 969?
3, 17, 19
What are the prime factors of 91180?
2, 5, 47, 97
What are the prime factors of 2215?
5, 443
List the prime factors of 2234.
2, 1117
What are the prime factors of 142324?
2, 7, 13, 17, 23
What are the prime factors of 1532?
2, 383
What are the prime factors of 37381?
29, 1289
List the prime factors of 10092.
2, 3, 29
What are the prime factors of 20095?
5, 4019
What are the prime factors of 2972?
2, 743
List the prime factors of 40827.
3, 31, 439
List the prime factors of 3637.
3637
What are the prime factors of 77?
7, 11
List the prime factors of 33165.
3, 5, 11, 67
What are the prime factors of 13338?
2, 3, 13, 19
List the prime factors of 76.
2, 19
What are the prime factors of 730?
2, 5, 73
What are the prime factors of 883?
883
What are the prime factors of 34011?
3, 3779
List the prime factors of 832.
2, 13
What are the prime factors of 82923?
3, 131, 211
What are the prime factors of 23972?
2, 13, 461
List the prime factors of 35594.
2, 13, 37
What are the prime factors of 6604?
2, 13, 127
List the prime factors of 192.
2, 3
List the prime factors of 38374.
2, 7, 2741
List the prime factors of 1704.
2, 3, 71
List the prime factors of 11706.
2, 3, 1951
What are the prime factors of 20459?
41, 499
What are the prime factors of 24244?
2, 11, 19, 29
List the prime factors of 434.
2, 7, 31
What are the prime factors of 6417?
3, 23, 31
What are the prime factors of 43246?
2, 7, 3089
List the prime factors of 107557.
59, 1823
What are the prime factors of 142?
2, 71
What are the prime factors of 4748?
2, 1187
What are the prime factors of 82991?
37, 2243
List the prime factors of 24308.
2, 59, 103
List the prime factors of 48031.
43, 1117
List the prime factors of 16383.
3, 43, 127
List the prime factors of 75204.
2, 3, 2089
List the prime factors of 68534.
2, 34267
What are the prime factors of 4119?
3, 1373
What are the prime factors of 1217?
1217
List the prime factors of 1854.
2, 3, 103
What are the prime factors of 143732?
2, 35933
List the prime factors of 200032.
2, 7, 19, 47
List the prime factors of 574.
2, 7, 41
What are the prime factors of 1513?
17, 89
What are the prime factors of 19582?
2, 9791
List the prime factors of 54270.
2, 3, 5, 67
List the prime factors of 961.
31
What are the prime factors of 373?
373
What are the prime factors of 1795?
5, 359
List the prime factors of 40911.
3, 13, 1049
What are the prime factors of 944?
2, 59
What are the prime factors of 42684?
2, 3, 3557
What are the prime factors of 14971?
11, 1361
What are the prime factors of 908?
2, 227
List the prime factors of 42766.
2, 21383
What are the prime factors of 2728?
2, 11, 31
List the prime factors of 5785.
5, 13, 89
List the prime factors of 16760.
2, 5, 419
List the prime factors of 1077.
3, 359
List the prime factors of 1227.
3, 409
List the prime factors of 46310.
2, 5, 11, 421
What are the prime factors of 1687?
7, 241
List the prime factors of 859.
859
What are the prime factors of 178?
2, 89
List the prime factors of 512.
2
What are the prime factors of 30207?
3, 10069
List the prime factors of 733.
733
What are the prime factors of 144071?
144071
List the prime factors of 17044.
2, 4261
List the prime factors of 7438.
2, 3719
List the prime factors of 13397.
13397